ctors of 1617062033.
13807, 117119
List the prime factors of 191807050.
2, 5, 1433, 2677
What are the prime factors of 115665152?
2, 229, 1973
List the prime factors of 49644285.
3, 5, 809, 4091
List the prime factors of 622168101.
3, 23, 71, 103, 137
List the prime factors of 919496192.
2, 1795891
What are the prime factors of 399069777?
3, 133023259
What are the prime factors of 37659676?
2, 9414919
What are the prime factors of 329092751?
13, 997, 25391
What are the prime factors of 3112101491?
33287, 93493
What are the prime factors of 284322923?
43, 6612161
What are the prime factors of 716016761?
17, 2069, 20357
What are the prime factors of 58515681?
3, 7, 2786461
List the prime factors of 2969181735.
3, 5, 13, 37, 411529
What are the prime factors of 575845564?
2, 7, 20565913
What are the prime factors of 1482054781?
17, 71, 439, 2797
List the prime factors of 73354507.
17, 1117, 3863
List the prime factors of 4970339459.
181, 27460439
List the prime factors of 1406684785.
5, 11, 41, 59, 97, 109
What are the prime factors of 2356015832?
2, 89, 3309011
List the prime factors of 197988267.
3, 397, 166237
List the prime factors of 486918032.
2, 59, 515803
What are the prime factors of 57821073?
3, 19273691
List the prime factors of 38181793.
13, 557, 5273
What are the prime factors of 435701454?
2, 3, 2411, 30119
What are the prime factors of 7745842618?
2, 23, 168387883
List the prime factors of 2288045525.
5, 91521821
List the prime factors of 71199579.
3, 11, 2157563
What are the prime factors of 852262309?
17, 19, 23, 89, 1289
List the prime factors of 28018564.
2, 7, 433, 2311
List the prime factors of 434031194.
2, 217015597
List the prime factors of 3267293545.
5, 653458709
List the prime factors of 67550008.
2, 8443751
List the prime factors of 547094703.
3, 467, 390503
What are the prime factors of 85493211?
3, 28497737
What are the prime factors of 415321468?
2, 103830367
What are the prime factors of 8434821564?
2, 3, 13, 29, 89, 6983
List the prime factors of 24962320.
2, 5, 312029
List the prime factors of 5064037979.
7, 11, 13, 17, 523, 569
What are the prime factors of 51145499?
51145499
List the prime factors of 4529157578.
2, 11, 17, 41, 43, 6869
What are the prime factors of 2384452832?
2, 3673, 20287
List the prime factors of 1712837965.
5, 342567593
What are the prime factors of 461996749?
3709, 124561
What are the prime factors of 21682650?
2, 3, 5, 11, 17, 773
What are the prime factors of 215224371?
3, 103, 8599
List the prime factors of 246353134.
2, 103, 1039, 1151
What are the prime factors of 2569924303?
773, 3324611
What are the prime factors of 207053395?
5, 71, 583249
What are the prime factors of 71941939?
1109, 64871
List the prime factors of 8013825.
3, 5, 35617
What are the prime factors of 62552440?
2, 5, 1563811
What are the prime factors of 5397120465?
3, 5, 11, 149, 219529
What are the prime factors of 460296846?
2, 3, 3823, 6689
List the prime factors of 19036644.
2, 3, 11, 29, 4973
List the prime factors of 51845193.
3, 139, 41443
List the prime factors of 152944004.
2, 109, 350789
What are the prime factors of 117771720?
2, 3, 5, 11, 8111
What are the prime factors of 97917401?
97917401
List the prime factors of 645296840.
2, 5, 47, 343243
What are the prime factors of 4172418506?
2, 19, 5778973
What are the prime factors of 16583515?
5, 13, 103, 2477
List the prime factors of 198181191.
3, 13, 19, 267451
List the prime factors of 12711941.
11, 1155631
What are the prime factors of 1437117517?
11, 130647047
List the prime factors of 414761232.
2, 3, 8640859
List the prime factors of 358702766.
2, 947, 189389
List the prime factors of 3567684236.
2, 891921059
What are the prime factors of 1375168820?
2, 5, 68758441
What are the prime factors of 219957371?
219957371
List the prime factors of 452879391.
3, 149, 1013153
What are the prime factors of 1235003953?
491, 2515283
List the prime factors of 42192757.
42192757
What are the prime factors of 264556208?
2, 7, 2362109
What are the prime factors of 177701398?
2, 7, 12692957
What are the prime factors of 61721479?
197, 313307
List the prime factors of 18614634.
2, 3, 3102439
List the prime factors of 2474918909.
2474918909
What are the prime factors of 5353363701?
3, 7, 101, 841327
What are the prime factors of 718829156?
2, 17, 10571017
What are the prime factors of 353787681?
3, 13, 9071479
List the prime factors of 137426787.
3, 97, 17491
List the prime factors of 197085719.
197085719
List the prime factors of 83058455.
5, 31, 535861
List the prime factors of 328688095.
5, 1723, 38153
List the prime factors of 766933111.
7, 109561873
What are the prime factors of 34983675?
3, 5, 89, 1747
List the prime factors of 3086439589.
3086439589
What are the prime factors of 234790609?
113, 1093, 1901
What are the prime factors of 401190006?
2, 3, 7, 9552143
What are the prime factors of 321009191?
257, 1249063
List the prime factors of 1827218144.
2, 19, 3005293
List the prime factors of 33591997.
41, 819317
List the prime factors of 1086006386.
2, 543003193
What are the prime factors of 3804579309?
3, 6829, 185707
What are the prime factors of 569474215?
5, 37, 41, 75079
What are the prime factors of 4930959?
3, 11, 149423
List the prime factors of 187412200.
2, 5, 19, 149, 331
What are the prime factors of 656326893?
3, 41, 5335991
List the prime factors of 2428817185.
5, 193, 239, 10531
What are the prime factors of 20587520?
2, 5, 4021
What are the prime factors of 498432517?
11, 23, 179099
List the prime factors of 132729561.
3, 14747729
List the prime factors of 342110796.
2, 3, 29, 191, 5147
What are the prime factors of 880201156?
2, 29, 7587941
What are the prime factors of 145700080?
2, 5, 37, 49223
List the prime factors of 170833146.
2, 3, 11, 569, 4549
List the prime factors of 3755210.
2, 5, 23, 29, 563
List the prime factors of 268207422.
2, 3, 7, 6385891
List the prime factors of 903941847.
3, 2333, 43051
What are the prime factors of 170305771?
431, 395141
What are the prime factors of 129188031?
3, 7, 6151811
List the prime factors of 41504053.
41504053
What are the prime factors of 1622983998?
2, 3, 821, 329473
List the prime factors of 1106327559.
3, 41, 8994533
List the prime factors of 58652340.
2, 3, 5, 977539
List the prime factors of 200797194.
2, 3, 13, 2574323
List the prime factors of 68193480.
2, 3, 5, 568279
What are the prime factors of 808362775?
5, 11, 593, 4957
List the prime factors of 93541819.
7, 103, 137, 947
List the prime factors of 2797263247.
2797263247
List the prime factors of 279899264.
2, 2186713
What are the prime factors of 135921351?
3, 107, 423431
What are the prime factors of 28981972?
2, 223, 32491
What are the prime factors of 87291597?
3, 29097199
What are the prime factors of 4024694222?
2, 2012347111
List the prime factors of 1918083172.
2, 479520793
What are the prime factors of 29998109?
73, 83, 4951
List the prime factors of 1661626304.
2, 13, 19, 257, 409
List the prime factors of 213765256.
2, 193, 138449
What are the prime factors of 120273296?
2, 11, 13, 52567
List the prime factors of 1326452105.
5, 11, 24117311
List the prime factors of 1806395832.
2, 3, 25088831
List the prime factors of 2115882038.
2, 373, 2836303
List the prime factors of 42304947.
3, 59, 457, 523
List the prime factors of 3399567378.
2, 3, 566594563
What are the prime factors of 18900709?
59, 109, 2939
What are the prime factors of 71284737?
3, 23761579
List the prime factors of 81705863.
31, 2635673
What are the prime factors of 26154865?
5, 11, 307, 1549
What are the prime factors of 804072759?
3, 7, 5843, 6553
List the prime factors of 631196941.
373, 1692217
List the prime factors of 312502684.
2, 13, 1129, 5323
What are the prime factors of 504068816?
2, 103, 305867
What are the prime factors of 383981753?
7207, 53279
What are the prime factors of 1477552403?
97, 1993, 7643
What are the prime factors of 2597535980?
2, 5, 13, 19, 525817
What are the prime factors of 45549945?
3, 5, 7, 16067
What are the prime factors of 2521009004?
2, 630252251
List the prime factors of 99662995.
5, 29, 687331
What are the prime factors of 833973115?
5, 137, 149, 8171
List the prime factors of 2134002771.
3, 237111419
List the pr